t is the highest common divisor of 366 and 488?
122
Calculate the greatest common factor of 128 and 8.
8
Calculate the greatest common factor of 2827 and 11.
11
What is the greatest common factor of 255 and 1955?
85
What is the greatest common factor of 770 and 22?
22
What is the greatest common factor of 2147 and 57?
19
Calculate the highest common factor of 7221 and 87.
87
What is the greatest common divisor of 21780 and 33?
33
Calculate the greatest common divisor of 22 and 198.
22
Calculate the highest common factor of 6210 and 391.
23
What is the greatest common factor of 32 and 176?
16
Calculate the highest common factor of 4 and 6.
2
What is the greatest common divisor of 468 and 846?
18
What is the greatest common factor of 10523 and 17?
17
Calculate the highest common divisor of 490 and 11074.
98
Calculate the greatest common factor of 74 and 2.
2
What is the highest common divisor of 686 and 392?
98
Calculate the highest common factor of 48 and 1764.
12
What is the highest common factor of 155 and 2480?
155
Calculate the highest common divisor of 4 and 1076.
4
Calculate the highest common factor of 90 and 10.
10
Calculate the greatest common divisor of 28 and 44.
4
What is the highest common factor of 12 and 254?
2
What is the highest common divisor of 256 and 2944?
128
Calculate the highest common divisor of 369 and 287.
41
Calculate the greatest common divisor of 1482 and 48.
6
What is the greatest common factor of 3 and 690?
3
Calculate the highest common factor of 80 and 1300.
20
Calculate the greatest common factor of 14 and 91.
7
Calculate the highest common divisor of 9 and 153.
9
What is the highest common divisor of 624 and 39?
39
What is the highest common factor of 27 and 513?
27
What is the highest common factor of 2646 and 81?
27
What is the highest common divisor of 10304 and 28?
28
What is the greatest common factor of 651 and 84?
21
Calculate the greatest common factor of 77 and 644.
7
Calculate the greatest common divisor of 5302 and 22.
22
What is the greatest common divisor of 63 and 63?
63
What is the greatest common factor of 20 and 8180?
20
Calculate the greatest common factor of 5936 and 1113.
371
What is the greatest common divisor of 6 and 32?
2
What is the greatest common factor of 170 and 578?
34
What is the greatest common divisor of 63 and 7?
7
What is the greatest common divisor of 510 and 480?
30
What is the highest common factor of 407 and 187?
11
What is the greatest common divisor of 2040 and 2346?
102
Calculate the highest common divisor of 984 and 24.
24
Calculate the highest common divisor of 14 and 161.
7
What is the highest common divisor of 882 and 18?
18
Calculate the highest common divisor of 944 and 59.
59
What is the highest common factor of 1428 and 238?
238
Calculate the greatest common factor of 87 and 29.
29
What is the greatest common divisor of 629 and 17?
17
Calculate the highest common divisor of 39 and 72111.
39
Calculate the highest common factor of 16 and 58.
2
Calculate the highest common factor of 1 and 2994.
1
What is the highest common divisor of 2128 and 224?
112
What is the greatest common divisor of 40 and 4616?
8
What is the greatest common divisor of 2511 and 31?
31
What is the greatest common factor of 54 and 4428?
54
Calculate the highest common factor of 2604 and 1176.
84
Calculate the highest common factor of 6572 and 124.
124
Calculate the highest common divisor of 897 and 483.
69
Calculate the highest common divisor of 30 and 150.
30
What is the greatest common factor of 72 and 96?
24
What is the highest common divisor of 143 and 52?
13
Calculate the greatest common factor of 55 and 135.
5
What is the highest common factor of 790 and 50?
10
What is the highest common factor of 57 and 14250?
57
Calculate the greatest common divisor of 21 and 3.
3
Calculate the highest common divisor of 5022 and 744.
186
Calculate the greatest common factor of 23 and 1357.
23
What is the greatest common divisor of 253 and 1?
1
Calculate the highest common divisor of 12931 and 67.
67
What is the highest common factor of 520 and 16380?
260
Calculate the highest common divisor of 110 and 10.
10
What is the highest common divisor of 102 and 15249?
51
Calculate the greatest common factor of 148 and 37.
37
What is the greatest common divisor of 34 and 2159?
17
What is the highest common divisor of 24 and 2048?
8
What is the highest common factor of 37 and 1184?
37
What is the highest common divisor of 4 and 900?
4
Calculate the highest common factor of 270 and 1485.
135
What is the greatest common factor of 8286 and 6?
6
What is the highest common factor of 11 and 6402?
11
What is the greatest common divisor of 238 and 784?
14
What is the highest common factor of 357 and 483?
21
What is the highest common factor of 31 and 248?
31
What is the highest common factor of 43 and 41022?
43
What is the highest common factor of 58 and 1624?
58
Calculate the highest common factor of 58 and 203.
29
What is the highest common factor of 154 and 14?
14
Calculate the greatest common factor of 1133 and 11.
11
What is the greatest common divisor of 63 and 224?
7
Calculate the highest common divisor of 9 and 3.
3
Calculate the greatest common divisor of 329 and 217.
7
What is the highest common divisor of 210 and 498?
6
What is the greatest common divisor of 10 and 128?
2
What is the highest common divisor of 51590 and 154?
154
What is the highest common factor of 16464 and 48?
48
Calculate the greatest common factor of 72 and 45.
9
Calculate the greatest common factor of 24 and 2412.
12
Calculate the highest common factor of 3335 and 870.
145
What is the highest common factor of 82 and 369?
41
Calculate the greatest common divisor of 255 and 15.
15
Calculate the highest common divisor of 875 and 3275.
25
Calculate the greatest common factor of 1419 and 176.
11
Calculate the greatest common divisor of 65 and 39.
13
What is the greatest common factor of 12 and 4908?
12
What is the highest common divisor of 25 and 2525?
25
What is the highest common divisor of 848 and 53?
53
What is the highest common divisor of 140 and 35?
35
Calculate the highest common factor of 88 and 308.
44
What is the highest common divisor of 8 and 384?
8
What is the greatest common divisor of 2544 and 1776?
48
Calculate the greatest common factor of 2 and 6.
2
Calculate the highest common divisor of 679 and 399.
7
Calculate the highest common factor of 448 and 686.
14
What is the highest common divisor of 36 and 8856?
36
What is the highest common divisor of 3161 and 319?
29
What is the highest common factor of 20 and 940?
20
Calculate the greatest common factor of 18 and 150.
6
Calculate the highest common divisor of 34 and 187.
17
What is the highest common divisor of 3 and 3?
3
Calculate the greatest common divisor of 500 and 40.
20
Calculate the greatest common factor of 34 and 26928.
34
Calculate the greatest common divisor of 8704 and 68.
68
What is the greatest common divisor of 609 and 1131?
87
What is the highest common divisor of 40 and 905?
5
What is the greatest common divisor of 60876 and 114?
114
What is the greatest common factor of 12 and 42?
6
What is the highest common divisor of 125 and 400?
25
What is the greatest common divisor of 4028 and 38?
38
What is the highest common factor of 239 and 21271?
239
What is the highest common factor of 1128 and 60?
12
Calculate the greatest common factor of 30 and 29595.
15
What is the highest common divisor of 11 and 3300?
11
What is the greatest common divisor of 260 and 6604?
52
Calculate the highest common factor of 29 and 3132.
29
What is the highest common divisor of 124 and 120156?
124
Calculate the greatest common factor of 15662 and 82.
82
Calculate the highest common divisor of 20 and 860.
20
What is the highest common factor of 106 and 1961?
53
What is the highest common factor of 1 and 2?
1
What is the greatest common factor of 96 and 1344?
96
Calculate the greatest common divisor of 723 and 3.
3
What is the highest common divisor of 160 and 96?
32
What is the highest common divisor of 20557 and 61?
61
Calculate the highest common divisor of 4 and 12.
4
What is the highest common divisor of 1 and 639?
1
Calculate the highest common factor of 275 and 50.
25
What